er?
True
Let d(w) be the first derivative of -5*w + 9/2*w**2 + 2. Is d(4) composite?
False
Let q(v) = 7*v**2 + 3 - v - v**2 - 4. Is q(4) prime?
False
Suppose 0 = f + 4*c - 1769, 3*f + 2*f - 2*c = 8779. Is f a composite number?
True
Let c(k) = k**2 + 2*k + 6. Let t be c(-4). Let y = t + 113. Is y composite?
False
Suppose 0 = -4*q + 394 + 7514. Is q a composite number?
True
Let l(n) = -n**2 + 13*n + 2. Let j be l(10). Let p = j - 18. Is p prime?
False
Suppose 5*m - 218 = 567. Let c = m + -88. Suppose 0 = -4*i + 71 + c. Is i a prime number?
False
Let z = -894 + 1627. Is z a composite number?
False
Let h be ((-2)/6)/((-2)/(-12)). Let d(r) = -4*r - 2. Is d(h) a prime number?
False
Suppose 2*c = -c + 372. Let s = -101 - -14. Let v = s + c. Is v composite?
False
Is (-1096)/(-8) - (-4 - -2) a composite number?
False
Let h(b) = b**3 - 14*b**2 - 11*b - 15. Is h(16) composite?
True
Suppose -6 = -3*c + 9. Suppose -o - c*q + 590 = 4*o, -2*o + 2*q = -224. Is o prime?
False
Suppose -4*d + 16800 = -2*t + 4478, -t + 15420 = 5*d. Is d composite?
False
Let g be 39/6 + (-2)/(-4). Let d(t) = t**2 - 6*t - 10. Let w be d(7). Let o = g + w. Is o composite?
True
Suppose 5*q = -3*s - 0*q + 32, s - q = 0. Suppose -27 - s = -l. Is l a composite number?
False
Let f = 598 - 113. Is f a composite number?
True
Suppose -4*d + 25 = 5*f, 0 = -4*d + 12 + 8. Is (-333)/(-18)*(5 + f) a composite number?
True
Let d = 2228 - 1273. Is d composite?
True
Let k = -11 + 12. Let p(x) = 92*x**3 + 4*x**2 + 116*x**3 - 2*x**2 - 1. Is p(k) a composite number?
True
Let t(d) = 35*d**2 - 1. Suppose -2*m - 6 = -4. Is t(m) prime?
False
Let p(x) = 35*x**2 + 22*x - 53. Is p(12) composite?
True
Let c(j) = 76*j**2 + 4*j - 1. Let a(n) = -n**2 + 1. Let h(f) = 2*a(f) + c(f). Is h(-3) a composite number?
True
Let w(v) = 8*v**2 + 7*v + 11. Let t(h) = 2*h**2 + 2*h + 3. Let u(p) = 9*t(p) - 2*w(p). Let r = -6 + 2. Is u(r) a prime number?
False
Let j be 6/(-14) - 380/(-70). Suppose j*u - 1655 = -525. Is u prime?
False
Suppose k + 1255 = 6*k. Is k a prime number?
True
Let r = -3 + 4. Suppose 2*x - 84 - 50 = -4*y, -y = -2*x - 46. Let z = y - r. Is z composite?
True
Let u(b) = -b + 608. Let v be u(0). Suppose 2*s - 5*l - 583 = 0, 2*s - v + 13 = l. Is s prime?
False
Let h(n) = 97*n**2 - n + 3. Is h(-2) a composite number?
True
Suppose 10 = 2*b - 160. Suppose -25 = -5*a, 2*f + 3*a + 0*a = b. Is f a prime number?
False
Suppose 0 = 3*s - 3*f + 4953, s + 0*s + 1639 = -3*f. Is (s/24)/(4/(-6)) a prime number?
True
Suppose -5*s - 2 = 3. Let f = s + -3. Is 7567/91 + f/26 prime?
True
Let g be 2/(-5) - 24/(-10). Is (43/g)/((-3)/(-6)) a composite number?
False
Let o(a) = a**2 + 97. Suppose 7*f = 4*f. Is o(f) a prime number?
True
Let a = 378 + -187. Is a a composite number?
False
Let x(i) = 3*i + 7. Is x(6) a composite number?
True
Let r(x) = -21*x. Let z be r(3). Let d = -24 - z. Is d a composite number?
True
Let b(k) = k - 1. Let j be 2/6 + (-2)/(-3). Let t(c) = c - 5. Let n(y) = j*t(y) - 6*b(y). Is n(-4) a prime number?
False
Let g be (63 + -1)*(-4 + 5). Suppose 4*w + 5*r = -g - 250, 57 = -w + 4*r. Let o = 150 + w. Is o prime?
False
Let n(o) = 36*o**2 + 3*o + 4. Is n(-3) prime?
False
Let u(c) = 2*c + 1. Let s be u(1). Suppose -5*t + 0*t = -2*x - 310, 3*x + 186 = s*t. Is t prime?
False
Suppose 604 + 226 = 5*t. Let h = -89 + t. Is h a composite number?
True
Let z be 460/(-15) - (-1)/(-3). Let w = 180 + z. Is w composite?
False
Let v = 2131 + -1394. Is v a composite number?
True
Suppose 0 = a + 2*a - 375. Suppose 3*b - 508 - a = 0. Is b a composite number?
False
Suppose s + 1 = -1. Let p = 5 + s. Is 55 - (6/p - 0) a composite number?
False
Let f be (2 - 58)/(3/3). Let k = 3 - f. Is k composite?
False
Let f be -2 - 0 - (-11 - 5). Suppose -23 = 4*u - 63. Is u/35 + 1774/f prime?
True
Let d(k) = -69*k**3 - k**2 + k - 5. Is d(-4) a composite number?
False
Let b be 8/6 + 4/(-12). Let p = b - -3. Suppose 0 = s + o + p*o + 1, 3*o + 51 = 3*s. Is s a prime number?
False
Let o(l) = -3*l**2 - 3*l + 4. Let u be o(-3). Let f be (-2)/(-7) - 472/u. Let q = f + 1. Is q prime?
False
Suppose 4*o = -5*f + 294, -2*f + o + o = -114. Is f prime?
False
Suppose -3*u + 2*y - 132 + 677 = 0, u - 3*y - 170 = 0. Is u prime?
False
Let o(m) be the first derivative of -5*m**2 - 4*m - 1. Suppose 3*g = 2*u + 6, -5*u - 15 = g - 2*g. Is o(u) a composite number?
True
Let m(a) = -127*a - 3. Let d(u) = -63*u - 1. Let i(c) = 5*d(c) - 2*m(c). Is i(-2) prime?
False
Suppose 5*s + 345 = -5*c, -4*c = 3*s - 2*s + 78. Let p be (5/(-1) + 0)*3. Is s/p - (-2)/(-5) prime?
False
Let o(q) = -q**2 - 4*q. Let s be o(-3). Suppose s*x = 2*x - 4*u - 12, x + u - 3 = 0. Is 406/x + 2/8 a composite number?
True
Suppose -6*c + 8*c = 10. Suppose -4*s + c*g = -216, 0 = 5*s - g + 3*g - 303. Is s composite?
False
Let y be 0/(3/12*4). Suppose j + j - 254 = y. Is j prime?
True
Let i(b) be the second derivative of -b**5/20 - b**4/3 - b**3/2 + b**2 + 4*b. Is i(-4) prime?
False
Let r = 779 + -360. Is r prime?
True
Let x = 499 - -906. Is x a prime number?
False
Suppose 13925 = 10*t - 5*t. Is t composite?
True
Let o(i) = i**3 - 3*i + 4. Suppose 8 = 4*g - 4. Is o(g) prime?
False
Let p be (6/8)/(3/12). Suppose -25 - 356 = -p*r. Is r a prime number?
True
Let k(f) = 3*f. Let a be k(1). Suppose 5*n - a*v - 322 = 0, -7 = 5*n - 5*v - 327. Is n composite?
True
Suppose -v = -335 + 81. Is v a prime number?
False
Suppose -4*n = -0*n + 2*f - 3008, 0 = n + 5*f - 743. Is n prime?
False
Let c(f) = f**3 + 3*f**2 - f + 1. Let b be c(-3). Suppose i - 146 = -b*k, -3*k = -i + 27 - 140. Is k composite?
False
Suppose 0 = 7*p - 2954 - 2247. Is p composite?
False
Let v(k) = 7*k**3 + 10*k**2 + 8*k - 3. Let y(c) = 13*c**3 + 19*c**2 + 15*c - 6. Let a(t) = 11*v(t) - 6*y(t). Is a(-5) a prime number?
False
Let p = 32 - 11. Is p prime?
False
Let r be 0/(4 - 4 - -1). Suppose n = -r*n + 191. Is n composite?
False
Suppose -c + 2*k = -291, -3*k + 6*k + 1441 = 5*c. Is c a composite number?
True
Let x(i) = 5*i**2 + 10*i - 8. Is x(9) a prime number?
True
Suppose n = 4*n. Suppose 4*u - 2*x - 498 + 158 = n, 5*u - 425 = 4*x. Is u a composite number?
True
Let b = -263 - -479. Let c = b - 103. Is c a composite number?
False
Let m(i) be the first derivative of -i**3/3 + 8*i**2 - i - 1. Is m(10) a prime number?
True
Let o(y) = y**2 + y - 2. Let g be o(2). Suppose 0 = -b + g*b. Suppose -t - t + 50 = b. Is t composite?
True
Let m be (-4)/(-2) - (-3 + 1). Suppose m*l = -4, 3*s - 4*l = 56 - 19. Let x = 25 - s. Is x prime?
False
Suppose -4*l = -0*l - 40. Let q be ((-306)/15)/(2/l). Let m = -59 - q. Is m a composite number?
False
Let h = 113 - 55. Suppose 3*i = h - 4. Let x = 5 + i. Is x a prime number?
True
Let f(c) = -c**3 + 19*c**2 - 16*c + 17. Is f(18) composite?
False
Let a = 347 - 504. Is a/(-1 + (-4)/(-5)) prime?
False
Suppose -2*q + 0*q + 6 = 0. Suppose 6*j = q*j. Suppose 4*s = -j*s + 148. Is s a composite number?
False
Let c(o) = -o**3 - 5*o**2 - 3*o - 1. Let l be c(-2). Is 2/l - 326/(-14) prime?
True
Is 1639 + 16/(-10) + 4/(-10) prime?
True
Let f(x) = 3 - 2*x - 2*x + x + 7*x**3 - 4 - 2*x**2. Is f(3) a composite number?
True
Let x(c) = 24*c + 77. Is x(26) prime?
True
Let h = -15 + 33. Suppose -2*w = -0*w - h. Let q(s) = 4*s - 3. Is q(w) a prime number?
False
Let m be ((-6)/2)/(6/(-206)). Suppose -7 = -2*h + m. Is h a prime number?
False
Suppose 0 = -f + 6 - 5. Suppose -q + 15 = f. Suppose 5*r = 2*d - 159, -3*r - 1 = q. Is d composite?
False
Suppose 6*l = -5*j + l + 30, 2*j = -l + 14. Let x = -203 - -37. Is (x/j)/((-3)/12) prime?
True
Suppose -31 = -j + 18. Let x = -21 + j. Is (x/(-10))/((-2)/10) a composite number?
True
Suppose -20 + 5 = -3*s. Suppose -s*o - 336 = -2*v - 1265, -4*v + 917 = 5*o. Is o prime?
False
Let v = 3529 + -2012. Is v prime?
False
Let t(g) = -g**2 - 9*g + 3. Let d be t(-9). Suppose -4*j = d*y - 9*j - 409, -703 = -5*y + 3*j. Is y prime?
False
Let x(w) = 6 - 1 - 9*w - w - 3. Let s be x(7). Let h = 123 + s. Is h prime?
False
Let l(f) = -525*f**3 - 2*f**2 - 4*f - 5. Is l(-2) composite?
True
Let o = -12 + 24. Let k = 23 - o. Is k a prime number?
True
Let v be 1/5 - (-54)/30. Suppose -v - 8 = -5*b. Suppose b*s - 18 = -s. Is s a composite number?
True
Suppose 0 = 4*j + 2*l - 8, 4*l + 1 = -j + 2*l. Suppose -j*i + 2*v = 6*v -